{"id":933,"date":"2025-03-26T10:41:48","date_gmt":"2025-03-26T09:41:48","guid":{"rendered":"https:\/\/www.acapp.fr\/?page_id=933"},"modified":"2025-05-08T10:03:58","modified_gmt":"2025-05-08T08:03:58","slug":"carpentras-2","status":"publish","type":"page","link":"https:\/\/www.acapp.fr\/index.php\/sorties-culturelles\/carpentras-2\/","title":{"rendered":"Carpentras"},"content":{"rendered":"\n<p class=\"has-text-align-center has-foreground-color has-secondary-background-color has-text-color has-background has-link-color has-large-font-size wp-elements-6304497e48008f93936241b8c37fc6bf\"><strong>SORTIE CULTURELLE \u00c0 CARPENTRAS<\/strong> <strong>ET PERNES-LES-FONTAINES<\/strong><\/p>\n\n\n\n<p class=\"has-text-align-center has-foreground-color has-secondary-background-color has-text-color has-background has-link-color wp-elements-e7565b625474c35cf210f020ef83f897\"><strong>Visites guid\u00e9es de la ville de Pernes-les-Fontaines et des Collections permanentes <a>\u00e0 la Biblioth\u00e8que-mus\u00e9e Inguimbertine<\/a><\/strong><\/p>\n\n\n\n<p class=\"has-text-align-center has-large-font-size\"><strong>Dimanche 27 avril 2025 <\/strong><\/p>\n\n\n\n<p><\/p>\n\n\n\n<div class=\"wp-block-media-text is-stacked-on-mobile\"><figure class=\"wp-block-media-text__media\"><img loading=\"lazy\" decoding=\"async\" width=\"540\" height=\"312\" src=\"https:\/\/www.acapp.fr\/wp-content\/uploads\/2025\/03\/Pernes.jpg\" alt=\"\" class=\"wp-image-934 size-full\" srcset=\"https:\/\/www.acapp.fr\/wp-content\/uploads\/2025\/03\/Pernes.jpg 540w, https:\/\/www.acapp.fr\/wp-content\/uploads\/2025\/03\/Pernes-300x173.jpg 300w\" sizes=\"auto, (max-width: 540px) 100vw, 540px\" \/><\/figure><div class=\"wp-block-media-text__content\">\n<div class=\"wp-block-group is-nowrap is-layout-flex wp-container-core-group-is-layout-6c531013 wp-block-group-is-layout-flex\">\n<p class=\"has-foreground-color has-text-color has-link-color wp-elements-325908cd16e1162e92d34d96195bfb39\"><strong>Voir le compte-rendu de la visite<\/strong> <strong>guid\u00e9e<\/strong> <strong>de Pernes-les-Fontaines<\/strong><\/p>\n<\/div>\n<\/div><\/div>\n\n\n\n<div class=\"wp-block-file has-secondary-background-color has-background\"><a id=\"wp-block-file--media-3bb3b1e7-3047-4757-9a61-db9c94a4a221\" href=\"https:\/\/www.acapp.fr\/wp-content\/uploads\/2025\/05\/Pernes-les-Fontaines-1.pdf\"><strong>Pernes-les-Fontaines<\/strong><\/a><a href=\"https:\/\/www.acapp.fr\/wp-content\/uploads\/2025\/05\/Pernes-les-Fontaines-1.pdf\" class=\"wp-block-file__button wp-element-button\" download aria-describedby=\"wp-block-file--media-3bb3b1e7-3047-4757-9a61-db9c94a4a221\">T\u00e9l\u00e9charger<\/a><\/div>\n\n\n\n<p class=\"has-foreground-color has-text-color has-link-color has-small-font-size wp-elements-44da6223b5571b6940f35cb2b997ee7b\"><em>Cr\u00e9dit photos et r\u00e9daction : Arlette et G\u00e9rard LALLEMENT<\/em><\/p>\n\n\n\n<hr class=\"wp-block-separator has-text-color has-vivid-red-color has-alpha-channel-opacity has-vivid-red-background-color has-background is-style-wide\"\/>\n\n\n\n<div class=\"wp-block-media-text is-stacked-on-mobile\"><figure class=\"wp-block-media-text__media\"><img loading=\"lazy\" decoding=\"async\" width=\"243\" height=\"174\" src=\"https:\/\/www.acapp.fr\/wp-content\/uploads\/2025\/03\/musee-Inguimbertine.jpg\" alt=\"\" class=\"wp-image-935 size-full\"\/><\/figure><div class=\"wp-block-media-text__content\">\n<p class=\"has-foreground-color has-text-color has-link-color wp-elements-16aaa60fdb6f75cc4673885c80d2b458\"><strong>Voir le compte-rendu de la visite guid\u00e9e des expositions permanentes \u00e0 la biblioth\u00e8que-mus\u00e9e Inguimbertine de Carpentras<\/strong><\/p>\n<\/div><\/div>\n\n\n\n<div class=\"wp-block-file has-secondary-background-color has-background has-link-color wp-elements-43b4c94cbe5646301e4573626162fc40\"><a id=\"wp-block-file--media-ba4d0038-cece-4aa3-9c49-fcf5c2c20920\" href=\"https:\/\/www.acapp.fr\/wp-content\/uploads\/2025\/05\/Carpentras-Bibliotheque-Musee-lInguimbertine.pdf\" target=\"_blank\" rel=\"noreferrer noopener\"><strong>Carpentras, Biblioth\u00e8que-Mus\u00e9e l\u2019Inguimbertine<\/strong><\/a><a href=\"https:\/\/www.acapp.fr\/wp-content\/uploads\/2025\/05\/Carpentras-Bibliotheque-Musee-lInguimbertine.pdf\" class=\"wp-block-file__button wp-element-button\" download aria-describedby=\"wp-block-file--media-ba4d0038-cece-4aa3-9c49-fcf5c2c20920\">T\u00e9l\u00e9charger<\/a><\/div>\n\n\n\n<p class=\"has-foreground-color has-text-color has-link-color has-small-font-size wp-elements-58be2d5681464c81c7d9ad98f3911646\"><em>Cr\u00e9dit photos et r\u00e9daction : Martine DELFOUR<\/em><\/p>\n","protected":false},"excerpt":{"rendered":"<p>SORTIE CULTURELLE \u00c0 CARPENTRAS ET PERNES-LES-FONTAINES Visites guid\u00e9es de la ville de Pernes-les-Fontaines et des Collections permanentes \u00e0 la Biblioth\u00e8que-mus\u00e9e Inguimbertine Dimanche 27 avril 2025 Cr\u00e9dit photos et r\u00e9daction : Arlette et G\u00e9rard LALLEMENT Voir le compte-rendu de la visite guid\u00e9e des expositions permanentes \u00e0 la biblioth\u00e8que-mus\u00e9e Inguimbertine de Carpentras Cr\u00e9dit photos et r\u00e9daction : [&hellip;]<\/p>\n","protected":false},"author":1,"featured_media":0,"parent":103,"menu_order":0,"comment_status":"closed","ping_status":"closed","template":"","meta":{"footnotes":""},"class_list":["post-933","page","type-page","status-publish","hentry"],"_links":{"self":[{"href":"https:\/\/www.acapp.fr\/index.php\/wp-json\/wp\/v2\/pages\/933","targetHints":{"allow":["GET"]}}],"collection":[{"href":"https:\/\/www.acapp.fr\/index.php\/wp-json\/wp\/v2\/pages"}],"about":[{"href":"https:\/\/www.acapp.fr\/index.php\/wp-json\/wp\/v2\/types\/page"}],"author":[{"embeddable":true,"href":"https:\/\/www.acapp.fr\/index.php\/wp-json\/wp\/v2\/users\/1"}],"replies":[{"embeddable":true,"href":"https:\/\/www.acapp.fr\/index.php\/wp-json\/wp\/v2\/comments?post=933"}],"version-history":[{"count":4,"href":"https:\/\/www.acapp.fr\/index.php\/wp-json\/wp\/v2\/pages\/933\/revisions"}],"predecessor-version":[{"id":1047,"href":"https:\/\/www.acapp.fr\/index.php\/wp-json\/wp\/v2\/pages\/933\/revisions\/1047"}],"up":[{"embeddable":true,"href":"https:\/\/www.acapp.fr\/index.php\/wp-json\/wp\/v2\/pages\/103"}],"wp:attachment":[{"href":"https:\/\/www.acapp.fr\/index.php\/wp-json\/wp\/v2\/media?parent=933"}],"curies":[{"name":"wp","href":"https:\/\/api.w.org\/{rel}","templated":true}]}}