{"id":834,"date":"2025-01-29T18:34:55","date_gmt":"2025-01-29T17:34:55","guid":{"rendered":"https:\/\/www.acapp.fr\/?page_id=834"},"modified":"2025-02-28T18:07:38","modified_gmt":"2025-02-28T17:07:38","slug":"narbonne","status":"publish","type":"page","link":"https:\/\/www.acapp.fr\/index.php\/sorties-culturelles\/narbonne\/","title":{"rendered":"Narbonne"},"content":{"rendered":"\n<figure class=\"wp-block-table has-large-font-size\"><table class=\"has-foreground-color has-secondary-background-color has-text-color has-background has-link-color has-fixed-layout\"><tbody><tr><td class=\"has-text-align-center\" data-align=\"center\"><strong>SORTIE CULTURELLE A NARBONNE <\/strong><br><strong>Visite guid\u00e9e du mus\u00e9e NARBO VIA<\/strong><br><strong>Visite guid\u00e9e d\u2019AMPHORALIS<\/strong><\/td><\/tr><\/tbody><\/table><\/figure>\n\n\n\n<p class=\"has-text-align-center has-foreground-color has-text-color has-link-color has-large-font-size wp-elements-8e62931ce514188166bf5d266e1d2288\"><strong>Mardi 4 mars 2025<\/strong> <strong>(en autocar)<\/strong><\/p>\n\n\n\n<p class=\"has-text-align-center has-foreground-color has-text-color has-link-color wp-elements-9847500180af918824a15af64793e92d\"><strong>Prix : 25\u20ac euros<\/strong><\/p>\n\n\n<p><span style=\"color: #000000;\"><strong><span class=\"fontstyle2\">Rendez-vous \u00e0 6h45 pour tous les participants \u00e0 la gare routi\u00e8re du Palio \u00e0 Istres. D\u00e9part imp\u00e9ratif de l\u2019autocar \u00e0 7h.<\/span><\/strong><\/span><\/p>\n\n\n<figure class=\"wp-block-image aligncenter size-full is-resized\"><img loading=\"lazy\" decoding=\"async\" width=\"640\" height=\"427\" src=\"https:\/\/www.acapp.fr\/wp-content\/uploads\/2025\/01\/narbovia-640x427-1.jpg\" alt=\"\" class=\"wp-image-836\" style=\"width:466px;height:auto\" srcset=\"https:\/\/www.acapp.fr\/wp-content\/uploads\/2025\/01\/narbovia-640x427-1.jpg 640w, https:\/\/www.acapp.fr\/wp-content\/uploads\/2025\/01\/narbovia-640x427-1-300x200.jpg 300w\" sizes=\"auto, (max-width: 640px) 100vw, 640px\" \/><\/figure>\n\n\n\n<pre class=\"wp-block-preformatted has-foreground-color has-text-color has-link-color wp-elements-a7cadb8511690e129f5993d509a6f19c\"><strong>- Matin : Parcours d\u00e9couverte du mus\u00e9e et de ses pi\u00e8ces majeures.<br>2 visites guid\u00e9es par 2 conf\u00e9renci\u00e8res ont \u00e9t\u00e9 retenues :<br>      \u2022 1er groupe visite guid\u00e9e de 10h15 \u00e0 11h45<br>      \u2022 2\u00e8me groupe visite guid\u00e9e de 10h30 \u00e0 12h00<\/strong><\/pre>\n\n\n<p><span style=\"color: #000000;\"> <span class=\"fontstyle0\">Install\u00e9es dans un b\u00e2timent \u00e0 l&rsquo;architecture contemporaine sign\u00e9 Foster + Partners, <\/span><span class=\"fontstyle2\">les collections arch\u00e9ologiques du mus\u00e9e <strong>Narbo Via<\/strong> donnent \u00e0 voir la splendeur et la monumentalit\u00e9 de la ville romaine de <strong>Narbo Martius (Narbonne)<\/strong>. <\/span><span class=\"fontstyle0\">Votre visite vous conduira \u00e0 d\u00e9couvrir la vie des citoyens, \u00e0 entrer dans l&rsquo;intimit\u00e9 de leurs maisons, \u00e0 comprendre l&rsquo;activit\u00e9 commerciale et l&rsquo;organisation portuaire r\u00e9v\u00e9l\u00e9es notamment par les fouilles arch\u00e9ologiques men\u00e9es dans les lagunes environnantes. <\/span><span class=\"fontstyle2\">La ville se d\u00e9voile au travers d&rsquo;une collection lapidaire exceptionnelle parmi les plus importantes d\u2019Europe mais \u00e9galement gr\u00e2ce \u00e0 des mosa\u00efques remarquables, des fresques dignes de Pomp\u00e9i, des sculptures et des objets de la vie quotidienne, tandis que des dispositifs multim\u00e9dias <\/span><span class=\"fontstyle0\">ponctuent le parcours et proposent des exp\u00e9riences immersives au sein du port ou du Capitole, restitu\u00e9 en 3 dimensions<\/span><\/span><\/p>\n\n\n<pre class=\"wp-block-preformatted has-foreground-color has-text-color has-link-color wp-elements-c6887a2b9716f20c8e15472abd679e7d\"><strong>- D\u00e9jeuner : Pique-nique libre (repas tir\u00e9 du sac).<br>Ou rendez-vous \u00e0 midi au restaurant La Cadence situ\u00e9 sur place dans le mus\u00e9e.<br>Menu 27\u20ac avec le caf\u00e9 offert par le restaurateur. <\/strong><br>Entr\u00e9e : \u0153uf parfait polenta croustillante et m\u00e2che, plat : demi magret de canard sauce fruit de la passion avec comme accompagnement des petits l\u00e9gumes de saison, cr\u00e9meux de<br>c\u00e9leri aux \u00e9pices, dessert : fondant au chocolat caramel beurre sal\u00e9.<\/pre>\n\n\n\n<pre class=\"wp-block-preformatted has-foreground-color has-text-color has-link-color wp-elements-a48b7b3a32d8f6be6b3c6bca8a0c8751\"><strong>- Apr\u00e8s-midi : de 14h30 \u00e0 16h : visite guid\u00e9e du site Amphoralis<\/strong><\/pre>\n\n\n<p><span style=\"color: #000000;\"> <span class=\"fontstyle0\">La visite d\u2019<strong>Amphoralis<\/strong> vous propose de plonger au c\u0153ur de l&rsquo;univers ancestral <\/span><span class=\"fontstyle2\">de la terre et des potiers, de percer les secrets de fabrication des amphores et des c\u00e9ramiques. <\/span><span class=\"fontstyle0\">Imaginez le village des potiers 2000 ans plus t\u00f4t gr\u00e2ce \u00e0 la restitution des fours et d&rsquo;une habitation, mettez vos sens en \u00e9veil dans <\/span><span class=\"fontstyle2\">le jardin antique et dans l&rsquo;arboretum. Une visite unique entre patrimoine et environnement naturel pr\u00e9serv\u00e9.<\/span><\/span> <\/p>\n\n\n<p class=\"has-text-align-center has-foreground-color has-vertical-secondary-to-background-gradient-background has-text-color has-background has-link-color has-large-font-size wp-elements-84d1f0e358912ab871ceedd90ef12c2a\"><strong>Date de d\u00e9but d\u2019inscription : 11 f\u00e9vrier 2025<\/strong><\/p>\n\n\n\n<p class=\"has-text-align-center has-foreground-color has-text-color has-link-color wp-elements-14d2c6cdaddc6ee21856ed94e07fde72\"><strong>Merci de r\u00e9gler le plus t\u00f4t possible apr\u00e8s votre inscription.<\/strong><\/p>\n\n\n\n<p class=\"has-foreground-color has-text-color has-link-color wp-elements-21ecf9610463a12b7be2c566e7ffd744\"><strong>Le ch\u00e8que de 25\u20ac pour le prix de la sortie est \u00e0 libeller au nom de l\u2019ACAPP. Le ch\u00e8que de 27\u20ac pour le restaurant est \u00e0 libeller \u00e0 l\u2019ordre de \u00bbCadence mus\u00e9e \u00bb<\/strong><\/p>\n\n\n\n<p><\/p>\n","protected":false},"excerpt":{"rendered":"<p>SORTIE CULTURELLE A NARBONNE Visite guid\u00e9e du mus\u00e9e NARBO VIAVisite guid\u00e9e d\u2019AMPHORALIS Mardi 4 mars 2025 (en autocar) Prix : 25\u20ac euros Rendez-vous \u00e0 6h45 pour tous les participants \u00e0 la gare routi\u00e8re du Palio \u00e0 Istres. D\u00e9part imp\u00e9ratif de l\u2019autocar \u00e0 7h. &#8211; Matin : Parcours d\u00e9couverte du mus\u00e9e et de ses pi\u00e8ces majeures.2 [&hellip;]<\/p>\n","protected":false},"author":1,"featured_media":0,"parent":103,"menu_order":0,"comment_status":"closed","ping_status":"closed","template":"","meta":{"footnotes":""},"class_list":["post-834","page","type-page","status-publish","hentry"],"_links":{"self":[{"href":"https:\/\/www.acapp.fr\/index.php\/wp-json\/wp\/v2\/pages\/834","targetHints":{"allow":["GET"]}}],"collection":[{"href":"https:\/\/www.acapp.fr\/index.php\/wp-json\/wp\/v2\/pages"}],"about":[{"href":"https:\/\/www.acapp.fr\/index.php\/wp-json\/wp\/v2\/types\/page"}],"author":[{"embeddable":true,"href":"https:\/\/www.acapp.fr\/index.php\/wp-json\/wp\/v2\/users\/1"}],"replies":[{"embeddable":true,"href":"https:\/\/www.acapp.fr\/index.php\/wp-json\/wp\/v2\/comments?post=834"}],"version-history":[{"count":3,"href":"https:\/\/www.acapp.fr\/index.php\/wp-json\/wp\/v2\/pages\/834\/revisions"}],"predecessor-version":[{"id":914,"href":"https:\/\/www.acapp.fr\/index.php\/wp-json\/wp\/v2\/pages\/834\/revisions\/914"}],"up":[{"embeddable":true,"href":"https:\/\/www.acapp.fr\/index.php\/wp-json\/wp\/v2\/pages\/103"}],"wp:attachment":[{"href":"https:\/\/www.acapp.fr\/index.php\/wp-json\/wp\/v2\/media?parent=834"}],"curies":[{"name":"wp","href":"https:\/\/api.w.org\/{rel}","templated":true}]}}