{"id":1326,"date":"2026-01-26T16:30:51","date_gmt":"2026-01-26T15:30:51","guid":{"rendered":"https:\/\/www.acapp.fr\/?page_id=1326"},"modified":"2026-01-26T16:30:51","modified_gmt":"2026-01-26T15:30:51","slug":"papier-mache","status":"publish","type":"page","link":"https:\/\/www.acapp.fr\/index.php\/ateliers\/papier-mache\/","title":{"rendered":"Papier m\u00e2ch\u00e9"},"content":{"rendered":"\n<p class=\"has-text-align-center has-secondary-background-color has-background has-large-font-size\"><strong>Stage de sculpture en papier m\u00e2ch\u00e9<\/strong><\/p>\n\n\n\n<p class=\"has-text-align-center has-foreground-color has-text-color has-link-color wp-elements-74311d4ab4c5bb7be5689a6eb3285e41\"><strong>Anim\u00e9 par Titou Vergier<\/strong><\/p>\n\n\n\n<p class=\"has-text-align-center has-vivid-red-color has-text-color has-link-color has-large-font-size wp-elements-c4c64a8162083005890224cc68d5aefd\"><strong>Samedis 28 mars et 4 avril 2026<\/strong><\/p>\n\n\n\n<p class=\"has-text-align-center has-vivid-red-color has-text-color has-link-color wp-elements-511d197226af644a8f1310a930f8183f\"><strong>de 14h \u00e0 18h<\/strong><\/p>\n\n\n<p><span style=\"color: #000000;\">L\u2019ACAPP vous propose un stage de sculpture en papier mach\u00e9 avec la r\u00e9alisation d\u2019un objet (technique des bandelettes) qui peut \u00eatre un personnage, un animal ou un objet, chacun sera libre de cr\u00e9er l\u2019objet de son choix.<\/span><\/p>\n\n\n<figure class=\"wp-block-gallery has-nested-images columns-default is-cropped wp-block-gallery-1 is-layout-flex wp-block-gallery-is-layout-flex\">\n<figure class=\"wp-block-image size-large\"><img loading=\"lazy\" decoding=\"async\" width=\"375\" height=\"390\" data-id=\"1329\" src=\"https:\/\/www.acapp.fr\/wp-content\/uploads\/2026\/01\/papier-mache-1.jpg\" alt=\"\" class=\"wp-image-1329\" srcset=\"https:\/\/www.acapp.fr\/wp-content\/uploads\/2026\/01\/papier-mache-1.jpg 375w, https:\/\/www.acapp.fr\/wp-content\/uploads\/2026\/01\/papier-mache-1-288x300.jpg 288w\" sizes=\"auto, (max-width: 375px) 100vw, 375px\" \/><\/figure>\n\n\n\n<figure class=\"wp-block-image size-large\"><img loading=\"lazy\" decoding=\"async\" width=\"241\" height=\"492\" data-id=\"1327\" src=\"https:\/\/www.acapp.fr\/wp-content\/uploads\/2026\/01\/papier-mache-2.jpg\" alt=\"\" class=\"wp-image-1327\" srcset=\"https:\/\/www.acapp.fr\/wp-content\/uploads\/2026\/01\/papier-mache-2.jpg 241w, https:\/\/www.acapp.fr\/wp-content\/uploads\/2026\/01\/papier-mache-2-147x300.jpg 147w\" sizes=\"auto, (max-width: 241px) 100vw, 241px\" \/><\/figure>\n\n\n\n<figure class=\"wp-block-image size-large\"><img loading=\"lazy\" decoding=\"async\" width=\"391\" height=\"391\" data-id=\"1328\" src=\"https:\/\/www.acapp.fr\/wp-content\/uploads\/2026\/01\/papier-mache-3.jpg\" alt=\"\" class=\"wp-image-1328\" srcset=\"https:\/\/www.acapp.fr\/wp-content\/uploads\/2026\/01\/papier-mache-3.jpg 391w, https:\/\/www.acapp.fr\/wp-content\/uploads\/2026\/01\/papier-mache-3-300x300.jpg 300w, https:\/\/www.acapp.fr\/wp-content\/uploads\/2026\/01\/papier-mache-3-150x150.jpg 150w\" sizes=\"auto, (max-width: 391px) 100vw, 391px\" \/><\/figure>\n<\/figure>\n\n\n<p><span style=\"color: #000000;\">Pour certains objets (telles les calebasses ou les luminaires), il est n\u00e9cessaire que les participants apportent l\u2019objet qui lui servira de base (saladier, ballon, etc)<\/span><\/p>\n<p style=\"text-align: center;\"><span style=\"color: #000000;\">Atelier de l\u2019ACAPP \u2013 CEC \u00ab Les heures Claires \u00bb, Av Radolfzell &#8211; Istres<\/span><\/p>\n\n\n<p class=\"has-text-align-center has-vivid-red-color has-text-color has-link-color has-large-font-size wp-elements-f737bb0fa48d497f1d6fa729f6fb101b\"><strong>Tarif : 30\u20ac<\/strong><\/p>\n\n\n<p><strong><span style=\"color: #000000;\">Inscription \u00e0 r\u00e9ception du flyer<\/span><\/strong><\/p>\n<p><span style=\"color: #000000;\">Renseignement et inscription aupr\u00e8s de l\u2019ACAPP<\/span><\/p>\n<p><strong><em><span style=\"color: #000000;\">Le stage s\u2019adresse \u00e0 tous les niveaux, aussi bien d\u00e9butants que confirm\u00e9s.<\/span><\/em><\/strong><\/p>","protected":false},"excerpt":{"rendered":"<p>Stage de sculpture en papier m\u00e2ch\u00e9 Anim\u00e9 par Titou Vergier Samedis 28 mars et 4 avril 2026 de 14h \u00e0 18h L\u2019ACAPP vous propose un stage de sculpture en papier mach\u00e9 avec la r\u00e9alisation d\u2019un objet (technique des bandelettes) qui peut \u00eatre un personnage, un animal ou un objet, chacun sera libre de cr\u00e9er l\u2019objet [&hellip;]<\/p>\n","protected":false},"author":1,"featured_media":0,"parent":84,"menu_order":0,"comment_status":"closed","ping_status":"closed","template":"","meta":{"footnotes":""},"class_list":["post-1326","page","type-page","status-publish","hentry"],"_links":{"self":[{"href":"https:\/\/www.acapp.fr\/index.php\/wp-json\/wp\/v2\/pages\/1326","targetHints":{"allow":["GET"]}}],"collection":[{"href":"https:\/\/www.acapp.fr\/index.php\/wp-json\/wp\/v2\/pages"}],"about":[{"href":"https:\/\/www.acapp.fr\/index.php\/wp-json\/wp\/v2\/types\/page"}],"author":[{"embeddable":true,"href":"https:\/\/www.acapp.fr\/index.php\/wp-json\/wp\/v2\/users\/1"}],"replies":[{"embeddable":true,"href":"https:\/\/www.acapp.fr\/index.php\/wp-json\/wp\/v2\/comments?post=1326"}],"version-history":[{"count":1,"href":"https:\/\/www.acapp.fr\/index.php\/wp-json\/wp\/v2\/pages\/1326\/revisions"}],"predecessor-version":[{"id":1330,"href":"https:\/\/www.acapp.fr\/index.php\/wp-json\/wp\/v2\/pages\/1326\/revisions\/1330"}],"up":[{"embeddable":true,"href":"https:\/\/www.acapp.fr\/index.php\/wp-json\/wp\/v2\/pages\/84"}],"wp:attachment":[{"href":"https:\/\/www.acapp.fr\/index.php\/wp-json\/wp\/v2\/media?parent=1326"}],"curies":[{"name":"wp","href":"https:\/\/api.w.org\/{rel}","templated":true}]}}