{"id":1287,"date":"2026-01-06T07:46:53","date_gmt":"2026-01-06T06:46:53","guid":{"rendered":"https:\/\/www.acapp.fr\/?page_id=1287"},"modified":"2026-01-24T11:12:31","modified_gmt":"2026-01-24T10:12:31","slug":"notre-dame","status":"publish","type":"page","link":"https:\/\/www.acapp.fr\/index.php\/sorties-culturelles\/notre-dame\/","title":{"rendered":"Notre-Dame"},"content":{"rendered":"\n<p class=\"has-text-align-center has-vivid-red-color has-secondary-background-color has-text-color has-background has-link-color has-large-font-size wp-elements-f4611a8dd94bb1ba829ce952b1753a27\"><strong>Sortie culturelle \u00e0 Marseille &#8211; Notre Dame de la Garde et le ch\u00e2teau Borely<\/strong><\/p>\n\n\n\n<p class=\"has-text-align-center has-vivid-red-color has-text-color has-link-color has-large-font-size wp-elements-cc7052eedec09a6c53d31e527e91504b\"><strong>Mercredi 11 f\u00e9vrier 2026 (en autocar)<\/strong><\/p>\n\n\n\n<p class=\"has-text-align-center has-large-font-size\"><strong>Prix : 40\u20ac<\/strong><\/p>\n\n\n\n<p class=\"has-foreground-color has-text-color has-link-color wp-elements-78e443f80f5bd208353d9e7383a06529\"><strong><u>Rendez-vous \u00e0 8h pour un d\u00e9part \u00e0 8h15 au parking du conservatoire de musique.<\/u><\/strong><\/p>\n\n\n\n<p class=\"has-foreground-color has-text-color has-link-color wp-elements-89f320e1294782c37966361303449698\">2 groupes de 25 personnes<\/p>\n\n\n\n<figure class=\"wp-block-image aligncenter size-full is-resized\"><img loading=\"lazy\" decoding=\"async\" width=\"330\" height=\"317\" src=\"https:\/\/www.acapp.fr\/wp-content\/uploads\/2026\/01\/Notre-Dame_de_la_Garde_aerial_view_2020.jpeg\" alt=\"\" class=\"wp-image-1297\" style=\"width:249px;height:auto\" srcset=\"https:\/\/www.acapp.fr\/wp-content\/uploads\/2026\/01\/Notre-Dame_de_la_Garde_aerial_view_2020.jpeg 330w, https:\/\/www.acapp.fr\/wp-content\/uploads\/2026\/01\/Notre-Dame_de_la_Garde_aerial_view_2020-300x288.jpeg 300w\" sizes=\"auto, (max-width: 330px) 100vw, 330px\" \/><\/figure>\n\n\n\n<p class=\"has-foreground-color has-text-color has-link-color wp-elements-f1b8c82d7aa6379097c0f9eca7450071\"><strong><u>Le matin&nbsp;:<\/u><\/strong><\/p>\n\n\n<p><span style=\"color: #000000;\">\u2022 <strong>Les deux groupes &#8211; Visite guid\u00e9e de Notre Dame de la Garde \u00e0 10h <\/strong><\/span><br \/><span style=\"color: #000000;\">Figure embl\u00e9matique de la Ville de Marseille, elle veille sur les marins, les p\u00eacheurs et tous les Marseillais. La \u00ab Bonne M\u00e8re \u00bb comme la surnomme les Marseillais, permet d\u2019admirer du haut de la colline de la Garde, le panorama, une vue \u00e0 360 degr\u00e9s sur toute la ville. Gr\u00e2ce \u00e0 sa beaut\u00e9 architecturale ext\u00e9rieure et int\u00e9rieure, elle est le monument le plus visit\u00e9 \u00e0 Marseille. <\/span><\/p>\n\n\n<p class=\"has-foreground-color has-text-color has-link-color wp-elements-2cd3ee3ecdf68b26f973cd523af1ea7d\"><strong><u>D\u00e9jeuner au restaurant de Notre dame<\/u><\/strong><\/p>\n\n\n<div>\n<p><span style=\"color: #000000;\">Le Restaurant de la Basilique Notre-Dame de la Garde est un concept de restauration engag\u00e9 et inclusif. L\u00e9gataire d\u2019une longue tradition d\u2019accueil, la Basilique r\u00e9affirme un peu plus cet ancrage \u00e0 travers un lieu convivial et hospitalier, pour tous et pour le go\u00fbt.<\/span><\/p>\n<\/div>\n\n\n<figure class=\"wp-block-image aligncenter size-full\"><img loading=\"lazy\" decoding=\"async\" width=\"286\" height=\"160\" src=\"https:\/\/www.acapp.fr\/wp-content\/uploads\/2026\/01\/Borely.jpg\" alt=\"\" class=\"wp-image-1289\"\/><\/figure>\n\n\n\n<p class=\"has-foreground-color has-text-color has-link-color wp-elements-685babb8a4f167e7fe603e9d7d2453e8\"><strong><u>L\u2019Apr\u00e8s-midi&nbsp;:<\/u><\/strong><\/p>\n\n\n<p><strong><span style=\"color: #000000;\">\u2022 Visite guid\u00e9e de l\u2019exposition \u00ab Infiniment bleu \u00bb au Ch\u00e2teau Borely \u00e0 14h30 <\/span><\/strong><br \/><span style=\"color: #000000;\">\u00c0 travers sa repr\u00e9sentation en peinture, dans les arts d\u00e9coratifs, la litt\u00e9rature ou le v\u00eatement, l\u2019histoire du bleu t\u00e9moigne de l\u2019\u00e9volution progressive des mentalit\u00e9s et raconte une \u00e9pop\u00e9e riche en symboles, en enjeux et en \u00e9motions.<\/span><br \/><span style=\"color: #000000;\">Consid\u00e9r\u00e9 comme une couleur secondaire et d\u00e9valoris\u00e9e dans l\u2019Antiquit\u00e9, o\u00f9 le syst\u00e8me chromatique s\u2019organisait autour de trois teintes primordiales \u2014 noir, blanc et rouge \u2014 le bleu \u00e9tait souvent associ\u00e9 \u00e0 la mort. Son retour en gr\u00e2ce au XIIe si\u00e8cle s\u2019op\u00e8re \u00e0 travers les arts et le v\u00eatement. Devenu une couleur de premier plan, le bleu c\u00e9leste s\u2019impose alors comme une nouvelle mode et supplante progressivement le rouge. Omnipr\u00e9sent dans toutes ses nuances, tant \u00e0 la Cour qu\u2019en ville, il triomphe au si\u00e8cle des Lumi\u00e8res, une ascension renforc\u00e9e par le d\u00e9clin des productions europ\u00e9ennes de pastel au profit de l\u2019indigo exotique. L\u2019exposition retrace l\u2019\u00e9volution du bleu dans l\u2019histoire du textile, des teintures m\u00e9di\u00e9vales au denim, devenu un symbole universel. Enfin, des \u0153uvres contemporaines, comme celles de Fran\u00e7oise P\u00e9trovitch et des jeunes cr\u00e9ateurs laur\u00e9ats du Fonds Maison Mode M\u00e9diterran\u00e9e, montrent comment le bleu continue d\u2019inspirer artistes et stylistes d\u2019aujourd\u2019hui.<\/span><\/p>\n\n\n<p class=\"has-text-align-center has-vivid-red-color has-text-color has-link-color has-large-font-size wp-elements-8c4b1337e62c765652905c502c331a33\"><strong>Date de d\u00e9but d\u2019inscription&nbsp;: MARDI 27 JANVIER 2026<\/strong><\/p>\n\n\n\n<p><\/p>\n","protected":false},"excerpt":{"rendered":"<p>Sortie culturelle \u00e0 Marseille &#8211; Notre Dame de la Garde et le ch\u00e2teau Borely Mercredi 11 f\u00e9vrier 2026 (en autocar) Prix : 40\u20ac Rendez-vous \u00e0 8h pour un d\u00e9part \u00e0 8h15 au parking du conservatoire de musique. 2 groupes de 25 personnes Le matin&nbsp;: \u2022 Les deux groupes &#8211; Visite guid\u00e9e de Notre Dame de [&hellip;]<\/p>\n","protected":false},"author":1,"featured_media":0,"parent":103,"menu_order":0,"comment_status":"closed","ping_status":"closed","template":"","meta":{"footnotes":""},"class_list":["post-1287","page","type-page","status-publish","hentry"],"_links":{"self":[{"href":"https:\/\/www.acapp.fr\/index.php\/wp-json\/wp\/v2\/pages\/1287","targetHints":{"allow":["GET"]}}],"collection":[{"href":"https:\/\/www.acapp.fr\/index.php\/wp-json\/wp\/v2\/pages"}],"about":[{"href":"https:\/\/www.acapp.fr\/index.php\/wp-json\/wp\/v2\/types\/page"}],"author":[{"embeddable":true,"href":"https:\/\/www.acapp.fr\/index.php\/wp-json\/wp\/v2\/users\/1"}],"replies":[{"embeddable":true,"href":"https:\/\/www.acapp.fr\/index.php\/wp-json\/wp\/v2\/comments?post=1287"}],"version-history":[{"count":3,"href":"https:\/\/www.acapp.fr\/index.php\/wp-json\/wp\/v2\/pages\/1287\/revisions"}],"predecessor-version":[{"id":1298,"href":"https:\/\/www.acapp.fr\/index.php\/wp-json\/wp\/v2\/pages\/1287\/revisions\/1298"}],"up":[{"embeddable":true,"href":"https:\/\/www.acapp.fr\/index.php\/wp-json\/wp\/v2\/pages\/103"}],"wp:attachment":[{"href":"https:\/\/www.acapp.fr\/index.php\/wp-json\/wp\/v2\/media?parent=1287"}],"curies":[{"name":"wp","href":"https:\/\/api.w.org\/{rel}","templated":true}]}}