{"id":1104,"date":"2025-09-28T11:41:46","date_gmt":"2025-09-28T09:41:46","guid":{"rendered":"https:\/\/www.acapp.fr\/?page_id=1104"},"modified":"2025-12-02T09:24:31","modified_gmt":"2025-12-02T08:24:31","slug":"ateliers-2026","status":"publish","type":"page","link":"https:\/\/www.acapp.fr\/index.php\/ateliers\/ateliers-2026\/","title":{"rendered":"ateliers 2026"},"content":{"rendered":"\n<p class=\"has-text-align-center has-primary-color has-secondary-background-color has-text-color has-background has-link-color has-large-font-size wp-elements-74f6bdf1e4b0248e663286d9beecf03d\"><strong>TOUS LES<\/strong> <strong>ATELIERS DE LA SAISON 2025 \/ 2026<\/strong><\/p>\n\n\n\n<figure class=\"wp-block-image aligncenter size-full\"><img loading=\"lazy\" decoding=\"async\" width=\"247\" height=\"148\" src=\"https:\/\/www.acapp.fr\/wp-content\/uploads\/2025\/10\/Aquarelle-1.jpg\" alt=\"\" class=\"wp-image-1189\"\/><\/figure>\n\n\n<p style=\"text-align: center;\"><strong>Atelier \u00ab\u00a0Aquarelle\u00a0\u00bb<\/strong><\/p>\n<p style=\"text-align: center;\"><strong><span style=\"color: #000000;\">Anim\u00e9 par Serge Galasso, peintre<\/span><\/strong><\/p>\n<p><span style=\"color: #000000;\">\u00c0 la fois ludique et exigeante, cette pratique vous apportera le plaisir du geste l\u00e9ger, la simplicit\u00e9 d\u2019une t\u00e2che, la complexit\u00e9 et la profondeur des transparences color\u00e9es.<\/span><\/p>\n<p><span style=\"color: #000000;\">\u200bLes lundis de <strong>9h30 \u00e0 11h30<\/strong>, et de <strong>14h30 \u00e0 16h30<\/strong> \u00a0: Atelier de l\u2019ACAPP &#8211; CEC Les Heures Claires &#8211; Istres. L\u2019atelier fonctionne du <strong>17 novembre 2025 au 18 mai 2026<\/strong> (hors vacances scolaires et jours f\u00e9ri\u00e9s).<\/span><\/p>\n<p><span style=\"color: #000000;\">Ouverture de l\u2019atelier :\u00a0<strong>Lundi 17 novembre 2025 \u00e0 9h30<\/strong><\/span><\/p>\n<p><span style=\"color: #339966;\"><strong>Tarif\u00a0: 160\u20ac<\/strong> <strong>ou 4&#215;40\u20ac soit 4 euros l\u2019heure<\/strong> <strong>: 20 s\u00e9ances. <\/strong><\/span><\/p>\n\n\n<hr class=\"wp-block-separator has-alpha-channel-opacity is-style-wide\"\/>\n\n\n\n<figure class=\"wp-block-image aligncenter size-full is-resized\"><img loading=\"lazy\" decoding=\"async\" width=\"409\" height=\"408\" src=\"https:\/\/www.acapp.fr\/wp-content\/uploads\/2025\/10\/Modelage.jpg\" alt=\"\" class=\"wp-image-1191\" style=\"width:155px;height:auto\" srcset=\"https:\/\/www.acapp.fr\/wp-content\/uploads\/2025\/10\/Modelage.jpg 409w, https:\/\/www.acapp.fr\/wp-content\/uploads\/2025\/10\/Modelage-300x300.jpg 300w, https:\/\/www.acapp.fr\/wp-content\/uploads\/2025\/10\/Modelage-150x150.jpg 150w\" sizes=\"auto, (max-width: 409px) 100vw, 409px\" \/><\/figure>\n\n\n<p style=\"text-align: center;\"><strong>Atelier \u00ab\u00a0Modelage\u00a0\u00bb<\/strong><\/p>\n<p style=\"text-align: center;\"><strong><span style=\"color: #000000;\">Anim\u00e9 par Rosanna Lo Porto, sculptrice<\/span><\/strong><\/p>\n<p><span style=\"color: #000000;\">Une\u00a0approche \u00e9tape par \u00e9tape qui fait appel\u00a0\u00e0 la taille directe et au modelage. Accompagn\u00e9es d\u2019explications qui vous aideront \u00e0 faire les liens avec les concepts et les notions que vous allez int\u00e9grer durant le stage. Apprendre \u00e0 monter une pi\u00e8ce et la vider avant cuisson.<\/span><\/p>\n<p><span style=\"color: #000000;\"><strong>Les samedis\u00a0et dimanches, 4 et 5 octobre, 8 et 9 novembre, 29 et 30 novembre, 13 et 14 d\u00e9cembre 2025, 10 et 11 janvier, 7 et 8 f\u00e9vrier, 7 et 8 mars, 4 et 5 avril, 23 et 24 mai, 13 et 14 juin 2026 de 10h \u00e0 12h et de 13h30 \u00e0 16h30.<\/strong><\/span><\/p>\n<p><span style=\"color: #000000;\">Atelier de l\u2019ACAPP &#8211; CEC Les Heures Claires &#8211; Istres.<\/span><\/p>\n<p><span style=\"color: #339966;\"><strong>Tarif\u00a0: 150<\/strong><strong>\u20ac<\/strong><strong> ou 3&#215;50\u20ac soit 3 euros l\u2019heure (hors fournitures)<\/strong>\u00a0<strong>: 10 s\u00e9ances<\/strong><\/span><\/p>\n\n\n<hr class=\"wp-block-separator has-alpha-channel-opacity is-style-wide\"\/>\n\n\n\n<figure class=\"wp-block-image aligncenter size-full is-resized\"><img loading=\"lazy\" decoding=\"async\" width=\"287\" height=\"300\" src=\"https:\/\/www.acapp.fr\/wp-content\/uploads\/2025\/10\/Laboratoire-dimage-287x300-1.jpeg\" alt=\"\" class=\"wp-image-1192\" style=\"width:153px;height:auto\"\/><\/figure>\n\n\n<p style=\"text-align: center;\"><strong>Atelier \u00ab le laboratoire d\u2019images \u00bb<\/strong><\/p>\n<p style=\"text-align: center;\"><strong><span style=\"color: #000000;\">Anim\u00e9 par Vincent Makowski<\/span><\/strong><\/p>\n<p><span style=\"color: #000000;\">Cet atelier vous permettra sous forme de travaux pratiques \u00e9labor\u00e9s \u00e0 partir de photographies originales, de r\u00e9aliser la manipulation d\u2019image num\u00e9rique et d&rsquo;appr\u00e9hender la photographie de mani\u00e8re cr\u00e9ative.<\/span><\/p>\n<p><span style=\"color: #000000;\">Atelier de l\u2019ACAPP &#8211; CEC Les Heures Claires &#8211; Istres.<\/span><\/p>\n<p><span style=\"color: #000000;\"><strong>Les samedis 8 novembre, 6 d\u00e9cembre 2025, 10 janvier, 24 janvier 2026, 7 mars 2026, 16 mai 2026 de 9h \u00e0 12h et de 14h \u00e0 17h. <\/strong><\/span><\/p>\n<p><span style=\"color: #339966;\"><strong>Tarif\u00a0: 168\u20ac ou 4&#215;42\u20ac soit 4 euros l\u2019heure\u00a0: 7 s\u00e9ances<\/strong><\/span><\/p>\n\n\n<hr class=\"wp-block-separator has-alpha-channel-opacity is-style-wide\"\/>\n\n\n\n<figure class=\"wp-block-image aligncenter size-full is-resized\"><img loading=\"lazy\" decoding=\"async\" width=\"612\" height=\"363\" src=\"https:\/\/www.acapp.fr\/wp-content\/uploads\/2025\/10\/Cours-dessin-et-peinture-1-1.jpg\" alt=\"\" class=\"wp-image-1193\" style=\"width:239px;height:auto\" srcset=\"https:\/\/www.acapp.fr\/wp-content\/uploads\/2025\/10\/Cours-dessin-et-peinture-1-1.jpg 612w, https:\/\/www.acapp.fr\/wp-content\/uploads\/2025\/10\/Cours-dessin-et-peinture-1-1-300x178.jpg 300w\" sizes=\"auto, (max-width: 612px) 100vw, 612px\" \/><\/figure>\n\n\n<p style=\"text-align: center;\"><strong>Atelier \u00ab\u00a0Dessin et peinture\u00a0\u00bb<\/strong><\/p>\n<p style=\"text-align: center;\"><strong><span style=\"color: #000000;\">Anim\u00e9 par Annie Martin, ancienne professeur aux Beaux-Arts<\/span><\/strong><\/p>\n<p><span style=\"color: #000000;\">Cet atelier propose d\u2019acqu\u00e9rir les bases du dessin, ou de consolider sa pratique par l\u2019exp\u00e9rimentation au travers \u00ab\u00a0d\u2019exercices\u00a0\u00bb vous aborderez les proportions, la perspective, la structure, la composition, \u2026. La mise en couleur gr\u00e2ce au medium peinture vous sera propos\u00e9 \u00e9galement durant cet atelier annuel.<\/span><\/p>\n<p><span style=\"color: #000000;\">Les jeudis de 9h30 \u00e0 11h30 : Atelier de l\u2019ACAPP &#8211; CEC Les Heures Claires &#8211; Istres. L\u2019atelier fonctionne du <strong>20 novembre 2025 au 11 juin 2026<\/strong> (hors vacances scolaires et jours f\u00e9ri\u00e9s).<\/span><\/p>\n<p><span style=\"color: #000000;\">Ouverture de l\u2019atelier :\u00a0<strong>jeudi 20 novembre 2025 \u00e0 9h30<\/strong>\u00a0<\/span><\/p>\n<p><span style=\"color: #339966;\"><strong>Tarif\u00a0: 184\u20ac\u00a0ou 4&#215;46\u20ac soit 4 euros l\u2019heure : 23 s\u00e9ances <\/strong><\/span><\/p>\n\n\n<hr class=\"wp-block-separator has-alpha-channel-opacity is-style-wide\"\/>\n\n\n\n<figure class=\"wp-block-image aligncenter size-full is-resized\"><img loading=\"lazy\" decoding=\"async\" width=\"452\" height=\"266\" src=\"https:\/\/www.acapp.fr\/wp-content\/uploads\/2025\/10\/Portrait-2.jpg\" alt=\"\" class=\"wp-image-1195\" style=\"width:194px;height:auto\" srcset=\"https:\/\/www.acapp.fr\/wp-content\/uploads\/2025\/10\/Portrait-2.jpg 452w, https:\/\/www.acapp.fr\/wp-content\/uploads\/2025\/10\/Portrait-2-300x177.jpg 300w\" sizes=\"auto, (max-width: 452px) 100vw, 452px\" \/><\/figure>\n\n\n<p style=\"text-align: center;\"><strong>Stage \u00ab\u00a0Portrait\u00a0\u00bb Techniques mixtes<\/strong><\/p>\n<p style=\"text-align: center;\"><strong><span style=\"color: #000000;\">Anim\u00e9 par Annie Martin, ancienne professeur aux Beaux-Arts<\/span><\/strong><\/p>\n<p><span style=\"color: #000000;\">Stage sur deux samedis de 10h \u00e0 12h et de 14h \u00e0 16h : Atelier de l\u2019ACAPP &#8211; CEC Les Heures Claires &#8211; Istres.<\/span><\/p>\n<p><span style=\"color: #000000;\">Comprendre la construction des visages ainsi que le m\u00e9lange de couleurs qui permettront de cr\u00e9er les diff\u00e9rentes carnations de mani\u00e8re vivante (collage, Peinture). Avec mod\u00e8le.<\/span><\/p>\n<p><span style=\"color: #339966;\"><strong>Tarif : 50\u20ac les samedis 17 et 31 janvier 2026<\/strong><strong>\u00a0<\/strong><\/span><\/p>","protected":false},"excerpt":{"rendered":"<p>TOUS LES ATELIERS DE LA SAISON 2025 \/ 2026 Atelier \u00ab\u00a0Aquarelle\u00a0\u00bb Anim\u00e9 par Serge Galasso, peintre \u00c0 la fois ludique et exigeante, cette pratique vous apportera le plaisir du geste l\u00e9ger, la simplicit\u00e9 d\u2019une t\u00e2che, la complexit\u00e9 et la profondeur des transparences color\u00e9es. \u200bLes lundis de 9h30 \u00e0 11h30, et de 14h30 \u00e0 16h30 \u00a0: [&hellip;]<\/p>\n","protected":false},"author":1,"featured_media":0,"parent":84,"menu_order":0,"comment_status":"closed","ping_status":"closed","template":"","meta":{"footnotes":""},"class_list":["post-1104","page","type-page","status-publish","hentry"],"_links":{"self":[{"href":"https:\/\/www.acapp.fr\/index.php\/wp-json\/wp\/v2\/pages\/1104","targetHints":{"allow":["GET"]}}],"collection":[{"href":"https:\/\/www.acapp.fr\/index.php\/wp-json\/wp\/v2\/pages"}],"about":[{"href":"https:\/\/www.acapp.fr\/index.php\/wp-json\/wp\/v2\/types\/page"}],"author":[{"embeddable":true,"href":"https:\/\/www.acapp.fr\/index.php\/wp-json\/wp\/v2\/users\/1"}],"replies":[{"embeddable":true,"href":"https:\/\/www.acapp.fr\/index.php\/wp-json\/wp\/v2\/comments?post=1104"}],"version-history":[{"count":8,"href":"https:\/\/www.acapp.fr\/index.php\/wp-json\/wp\/v2\/pages\/1104\/revisions"}],"predecessor-version":[{"id":1256,"href":"https:\/\/www.acapp.fr\/index.php\/wp-json\/wp\/v2\/pages\/1104\/revisions\/1256"}],"up":[{"embeddable":true,"href":"https:\/\/www.acapp.fr\/index.php\/wp-json\/wp\/v2\/pages\/84"}],"wp:attachment":[{"href":"https:\/\/www.acapp.fr\/index.php\/wp-json\/wp\/v2\/media?parent=1104"}],"curies":[{"name":"wp","href":"https:\/\/api.w.org\/{rel}","templated":true}]}}